1
3c54 (base 13) to base 9
12823
What is -9d72 (base 15) in base 8?
-101177
What is -1941 (base 11) in base 7?
-10121
330 (base 13) to base 15
266
What is -656 (base 11) in base 16?
-313
Convert -187 (base 13) to base 3.
-101101
What is 35a6 (base 15) in base 3?
120122110
Convert 8772 (base 9) to base 5.
201324
21a0 (base 14) to base 11
4415
6139 (base 11) to base 12
4871
Convert 688 (base 13) to base 10.
1126
-1115 (base 6) to base 2
-100000111
Convert -100210 (base 5) to base 11.
-2431
What is -2415 (base 8) in base 12?
-8b9
What is 5449 (base 10) in base 6?
41121
Convert 219 (base 14) to base 6.
1531
Convert 422230 (base 6) to base 3.
1201221100
What is 744b (base 15) in base 16?
6014
What is 31023211 (base 4) in base 13?
1b760
Convert -1200201 (base 3) to base 7.
-3412
Convert 40055 (base 6) to base 3.
21011022
-20200 (base 3) to base 5
-1210
What is 71660 (base 8) in base 6?
345040
What is 9416 (base 16) in base 3?
1221000002
11001011110111 (base 2) to base 8
31367
18a18 (base 11) to base 14
9942
Convert -245 (base 10) to base 6.
-1045
What is 2210 (base 5) in base 16?
131
Convert 201100011 (base 3) to base 11.
a657
What is -1121251 (base 6) in base 3?
-2220122211
What is 2a7 (base 11) in base 10?
359
-11021201 (base 4) to base 12
-10255
Convert 1c74 (base 15) to base 10.
6184
What is -7844 (base 14) in base 16?
-5164
1110012022 (base 3) to base 4
12332132
What is -4517 (base 9) in base 5?
-101322
What is -202002 (base 5) in base 16?
-1966
Convert -4337 (base 9) to base 4.
-301321
Convert -342 (base 12) to base 15.
-222
-4088 (base 15) to base 5
-414003
-1883 (base 12) to base 16
-ba3
Convert 428a (base 11) to base 14.
20c8
Convert -7a7 (base 12) to base 13.
-694
What is -200002 (base 5) in base 10?
-6252
What is -2680 (base 10) in base 3?
-10200021
-8d (base 16) to base 15
-96
What is 4476 (base 10) in base 8?
10574
What is 9958 (base 10) in base 9?
14584
4130 (base 8) to base 3
2221010
What is -120445 (base 7) in base 8?
-52516
What is -404 (base 12) in base 16?
-244
What is 3312 (base 4) in base 6?
1050
205545 (base 7) to base 12
18733
-22221 (base 3) to base 16
-f1
What is 4035 (base 12) in base 13?
321b
-11111000000 (base 2) to base 16
-7c0
What is 213202 (base 4) in base 2?
100111100010
515 (base 7) to base 3
100112
-620 (base 11) to base 10
-748
-511 (base 9) to base 13
-25c
What is 307 (base 10) in base 12?
217
-1aa (base 14) to base 7
-1003
What is -2180 (base 11) in base 6?
-21143
-301 (base 13) to base 11
-422
What is -1641 (base 12) in base 6?
-20121
Convert -4f7 (base 16) to base 8.
-2367
What is 2314 (base 5) in base 4?
11032
Convert -11030 (base 6) to base 4.
-113322
Convert 203 (base 11) to base 2.
11110101
2124 (base 7) to base 11
625
What is 1320313 (base 5) in base 7?
136526
-1034 (base 6) to base 8
-356
What is 3662 (base 8) in base 4?
132302
What is -126a (base 12) in base 6?
-13414
What is -27002 (base 8) in base 14?
-4414
What is -1290 (base 13) in base 15?
-bbc
Convert -111010100101001 (base 2) to base 16.
-7529
What is 7361 (base 8) in base 3?
12020200
What is a5e (base 16) in base 9?
3568
-220213 (base 4) to base 15
-b84
-250 (base 14) to base 8
-716
Convert -2510 (base 8) to base 3.
-1212002
What is -46437 (base 10) in base 6?
-554553
1211325 (base 6) to base 3
10020120122
What is -3677 (base 11) in base 12?
-2943
Convert 10240 (base 6) to base 12.
980
What is -1001001001101 (base 2) in base 7?
-16442
254030 (base 6) to base 12
11316
Convert 1044041 (base 6) to base 13.
1b001
What is -4136 (base 8) in base 2?
-100001011110
What is -464 (base 13) in base 2?
-1011110110
Convert 2020 (base 4) to base 5.
1021
-1336 (base 9) to base 10
-1005
11926 (base 10) to base 9
17321
What is -769a (base 11) in base 10?
-10152
305 (base 8) to base 5
1242
86 (base 12) to base 7
204
Convert 10101010100 (base 2) to base 11.
1030
What is -55366 (base 8) in base 7?
-124614
What is -20b08 (base 12) in base 4?
-22200320
Convert 102100 (base 3) to base 8.
462
111010102 (base 3) to base 14
36b7
1210000 (base 3) to base 15
5b6
What is 652 (base 10) in base 3?
220011
22321 (base 8) to base 16
24d1
Convert -6650 (base 12) to base 16.
-2c1c
Convert 1303144 (base 6) to base 14.
1ba9a
Convert 331012 (base 4) to base 7.
14254
Convert 36526 (base 7) to base 4.
2110312
Convert 1003 (base 7) to base 9.
424
What is 11010111 (base 2) in base 14?
115
What is -202100020 (base 3) in base 12?
-86b9
Convert 1a1 (base 13) to base 12.
210
What is 17711 (base 9) in base 16?
2fd1
144510 (base 6) to base 14
516a
1202210 (base 4) to base 3
22122122
Convert 1026 (base 9) to base 7.
2124
-52315 (base 7) to base 12
-752a
What is 139 (base 13) in base 16?
d9
-1d2d (base 14) to base 11
-4009
What is -1912 (base 11) in base 12?
-14a9
Convert -63 (base 10) to base 2.
-111111
Convert 20202100 (base 3) to base 10.
4923
18a1a (base 12) to base 8
106266
What is a3 (base 13) in base 11?
111
What is 10485 (base 14) in base 5?
2224232
Convert 3ff (base 16) to base 2.
1111111111
Convert 2eaa (base 16) to base 3.
121101110
1607 (base 12) to base 8
5047
14145 (base 9) to base 8
22577
-1342 (base 9) to base 4
-33302
3333 (base 15) to base 3
112212210
Convert 2a1a (base 13) to base 16.
17db
What is 10100111110110 (base 2) in base 16?
29f6
Convert -210101 (base 4) to base 15.
-a4b
What is 1114010 (base 5) in base 14?
7360
-5931 (base 11) to base 8
-17142
What is -321 (base 7) in base 2?
-10100010
Convert 3224 (base 11) to base 3.
12211211
What is -3035 (base 7) in base 11?
-87a
1101111111 (base 2) to base 9
1204
Convert 23037 (base 11) to base 8.
101043
Convert 1a31 (base 12) to base 4.
302011
-5154 (base 9) to base 13
-1945
What is -2021000 (base 3) in base 9?
-2230
-80 (base 9) to base 16
-48
-478 (base 10) to base 3
-122201
11100100100010 (base 2) to base 3
202001201
What is 5eb (base 15) in base 5?
20341
What is 762 (base 11) in base 2?
1110010011
What is 244454 (base 6) in base 7?
120331
What is -1264 (base 10) in base 9?
-1654
-451541 (base 6) to base 15
-b3da
Convert -115b (base 13) to base 8.
-4612
What is 33404 (base 5) in base 16?
932
-11566 (base 9) to base 10
-7755
-13322 (base 5) to base 16
-43f
What is 2f1 (base 16) in base 2?
1011110001
Convert -790 (base 11) to base 4.
-32302
-116b (base 12) to base 3
-2200102
-150323 (base 6) to base 12
-83a3
Convert -446 (base 7) to base 2.
-11100110
What is -146 (base 13) in base 11?
-197
What is 4180 (base 11) in base 8?
12635
Convert -322 (base 12) to base 6.
-2042
Convert -1204 (base 8) to base 16.
-284
-30d3 (base 16) to base 3
-122010221
Convert -1104233 (base 5) to base 13.
-8a40
What is 3a7 (base 15) in base 11?
697
What is -1001011110010 (base 2) in base 7?
-20066
What is -121010001 (base 3) in base 8?
-26742
Convert -28a (base 16) to base 15.
-2d5
Convert 150334 (base 6) to base 7.
56641
Convert -21012 (base 3) to base 16.
-c2
Convert -100201121 (base 3) to base 7.
-26446
What is -252 (base 7) in base 6?
-343
What is -27a (base 16) in base 7?
-1564
Convert -1000011010011 (base 2) to base 6.
-31535
What is -c84 (base 13) in base 5?
-32021
Convert -acd (base 14) to base 8.
-4135
310453 (base 6) to base 7
132210
Convert -103051 (base 7) to base 10.
-17872
Convert -2699 (base 16) to base 9.
-14488
What is -8455 (base 12) in base 2?
-11100010000001
What is -5c9 (base 15) in base 10?
-1314
Convert 15155 (base 7) to base 15.
13a5
21200 (base 4) to base 16
260
-21155 (base 8) to base 15
-2928
-21265 (base 9) to base 4
-3123320
Convert -19656 (base 10) to base 7.
-111210
Convert 37082 (base 9) to base 13.
b414
22122122 (base 3) to base 12
3798
Convert -1111001010011 (base 2) to base 10.
-7763
Convert -11011010000 (base 2) to base 7.
-5041
Convert -3113210 (base 4) to base 8.
-32744
Convert 21131120 (base 4) to base 2.
1001011101011000
51b1 (base 16) to base 7
114654
-316 (base 16) to base 13
-48a
What is 222202200 (base 3) in base 15?
5bac
What is -81 (base 15) in base 2?
-1111001
31531 (base 6) to base 4
1003033
-24465 (base 7) to base 13
-2bc8
-2a4 (base 16) to base 2
-1010100100
-3752 (base 9) to base 2
-101011110001
31233 (base 8) to base 5
403310
13684 (base 11) to base 16
4bfc
What is 104 (base 9) in base 2?
1010101
Convert 2200201 (base 3) to base 15.
8ad
What is -1077 (base 8) in base 3?
-210022
Convert -11103110 (